{"id":1856,"date":"2022-10-17T05:55:54","date_gmt":"2022-10-17T05:55:54","guid":{"rendered":"https:\/\/identitats.cat\/?page_id=1856"},"modified":"2023-07-09T17:00:10","modified_gmt":"2023-07-09T17:00:10","slug":"home","status":"publish","type":"page","link":"https:\/\/identitats.cat\/","title":{"rendered":"Inici"},"content":{"rendered":"\n<div class=\"wp-block-uagb-container uagb-block-1d3d482d alignfull uagb-is-root-container\"><div class=\"uagb-container-inner-blocks-wrap\"><\/div><\/div>\n\n\n\n<div class=\"wp-block-uagb-container uagb-block-af35db5b alignfull uagb-is-root-container\"><div class=\"uagb-container-inner-blocks-wrap\"><\/div><\/div>\n\n\n\n<div class=\"wp-block-uagb-container uagb-block-4485a6f7 alignfull uagb-is-root-container\"><div class=\"uagb-container-inner-blocks-wrap\">\n<div class=\"wp-block-uagb-container uagb-block-6a08819f\">\n<div class=\"wp-block-uagb-container uagb-block-2d071fba\">\n<div class=\"wp-block-uagb-image uagb-block-bee6da4f wp-block-uagb-image--layout-default wp-block-uagb-image--effect-static wp-block-uagb-image--align-none\"><figure class=\"wp-block-uagb-image__figure\"><img decoding=\"async\" srcset=\"https:\/\/identitats.cat\/wp-content\/uploads\/2023\/02\/QUE-VOLEM-QUE-SIGUI-VANE-1-edited-scaled.jpg \" sizes=\"auto, (max-width: 480px) 150px\" src=\"https:\/\/identitats.cat\/wp-content\/uploads\/2023\/02\/QUE-VOLEM-QUE-SIGUI-VANE-1-edited-scaled.jpg\" alt=\"\" class=\"uag-image-2536\" width=\"2560\" height=\"1600\" title=\"\" loading=\"lazy\"\/><\/figure><\/div>\n<\/div>\n\n\n\n<div class=\"wp-block-uagb-container uagb-block-c6ded2c1\">\n<div class=\"wp-block-uagb-image aligncenter uagb-block-f5d161ad wp-block-uagb-image--layout-default wp-block-uagb-image--effect-static wp-block-uagb-image--align-center\"><figure class=\"wp-block-uagb-image__figure\"><img decoding=\"async\" srcset=\"https:\/\/identitats.cat\/wp-content\/uploads\/2023\/02\/QUE-VOLEM-QUE-SIGUI-MIQUEL-1-edited-300x188.jpg \" sizes=\"auto, (max-width: 480px) 150px\" src=\"https:\/\/identitats.cat\/wp-content\/uploads\/2023\/02\/QUE-VOLEM-QUE-SIGUI-MIQUEL-1-edited-300x188.jpg\" alt=\"\" class=\"uag-image-2535\" width=\"300\" height=\"188\" title=\"\" loading=\"lazy\"\/><\/figure><\/div>\n<\/div>\n\n\n\n<div class=\"wp-block-uagb-container uagb-block-6ceb5136\">\n<div class=\"wp-block-uagb-image aligncenter uagb-block-f8307606 wp-block-uagb-image--layout-default wp-block-uagb-image--effect-static wp-block-uagb-image--align-center\"><figure class=\"wp-block-uagb-image__figure\"><img decoding=\"async\" srcset=\"https:\/\/identitats.cat\/wp-content\/uploads\/2023\/02\/QUE-VOLEM-QUE-SIGUI-NURIA-1-edited-300x188.jpg \" sizes=\"auto, (max-width: 480px) 150px\" src=\"https:\/\/identitats.cat\/wp-content\/uploads\/2023\/02\/QUE-VOLEM-QUE-SIGUI-NURIA-1-edited-300x188.jpg\" alt=\"\" class=\"uag-image-2534\" width=\"300\" height=\"188\" title=\"\" loading=\"lazy\"\/><\/figure><\/div>\n<\/div>\n<\/div>\n\n\n\n<div class=\"wp-block-uagb-container uagb-block-1ade4d59\">\n<div class=\"wp-block-uagb-container uagb-block-5702a639\">\n<div class=\"wp-block-uagb-info-box uagb-block-4d67083e uagb-infobox__content-wrap  uagb-infobox-icon-above-title uagb-infobox-image-valign-top\"><div class=\"uagb-ifb-content\"><div class=\"uagb-ifb-title-wrap\"><h3 class=\"uagb-ifb-title\"><strong>Treballem per la prevenci\u00f3 de les desigualtats socials, el foment de la igualtat i<\/strong> <strong>l&#8217;erradicaci\u00f3 de les viol\u00e8ncies masclistes<\/strong><\/h3><\/div><\/div><\/div>\n<\/div>\n\n\n\n<div class=\"wp-block-uagb-container uagb-block-af6ba8f4\">\n<div class=\"wp-block-uagb-advanced-heading uagb-block-a7bcbe56\"><p class=\"uagb-desc-text\">Identitats \u00e9s una associaci\u00f3 professional, per\u00f2 tamb\u00e9 \u00e9s un projecte on conflueixen els nostres posicionaments personals, socials i pol\u00edtics. Un espai d\u2019amor, respecte, esperan\u00e7a, aprenentatges, transformaci\u00f3, lluita i aliances. Un lloc des d\u2019on compartir, transformar i acompanyar, donant espai tant a all\u00f2 individual com a all\u00f2 col\u00b7lectiu.<\/p><\/div>\n<\/div>\n<\/div>\n<\/div><\/div>\n","protected":false},"excerpt":{"rendered":"<p>Identitats \u00e9s una associaci\u00f3 professional, per\u00f2 tamb\u00e9 \u00e9s un projecte on conflueixen els nostres posicionaments personals, socials i pol\u00edtics. Un espai d\u2019amor, respecte, esperan\u00e7a, aprenentatges, transformaci\u00f3, lluita i aliances. Un lloc des d\u2019on compartir, transformar i acompanyar, donant espai tant a all\u00f2 individual com a all\u00f2 col\u00b7lectiu.<\/p>\n","protected":false},"author":1,"featured_media":0,"parent":0,"menu_order":0,"comment_status":"closed","ping_status":"closed","template":"","meta":{"_uag_custom_page_level_css":"","site-sidebar-layout":"default","site-content-layout":"default","ast-site-content-layout":"","site-content-style":"default","site-sidebar-style":"default","ast-global-header-display":"","ast-banner-title-visibility":"","ast-main-header-display":"","ast-hfb-above-header-display":"","ast-hfb-below-header-display":"","ast-hfb-mobile-header-display":"","site-post-title":"disabled","ast-breadcrumbs-content":"","ast-featured-img":"","footer-sml-layout":"","theme-transparent-header-meta":"","adv-header-id-meta":"","stick-header-meta":"","header-above-stick-meta":"","header-main-stick-meta":"","header-below-stick-meta":"","astra-migrate-meta-layouts":"default","ast-page-background-enabled":"default","ast-page-background-meta":{"desktop":{"background-color":"var(--ast-global-color-4)","background-image":"","background-repeat":"repeat","background-position":"center center","background-size":"auto","background-attachment":"scroll","background-type":"","background-media":"","overlay-type":"","overlay-color":"","overlay-gradient":""},"tablet":{"background-color":"","background-image":"","background-repeat":"repeat","background-position":"center center","background-size":"auto","background-attachment":"scroll","background-type":"","background-media":"","overlay-type":"","overlay-color":"","overlay-gradient":""},"mobile":{"background-color":"","background-image":"","background-repeat":"repeat","background-position":"center center","background-size":"auto","background-attachment":"scroll","background-type":"","background-media":"","overlay-type":"","overlay-color":"","overlay-gradient":""}},"ast-content-background-meta":{"desktop":{"background-color":"var(--ast-global-color-5)","background-image":"","background-repeat":"repeat","background-position":"center center","background-size":"auto","background-attachment":"scroll","background-type":"","background-media":"","overlay-type":"","overlay-color":"","overlay-gradient":""},"tablet":{"background-color":"var(--ast-global-color-5)","background-image":"","background-repeat":"repeat","background-position":"center center","background-size":"auto","background-attachment":"scroll","background-type":"","background-media":"","overlay-type":"","overlay-color":"","overlay-gradient":""},"mobile":{"background-color":"var(--ast-global-color-5)","background-image":"","background-repeat":"repeat","background-position":"center center","background-size":"auto","background-attachment":"scroll","background-type":"","background-media":"","overlay-type":"","overlay-color":"","overlay-gradient":""}},"footnotes":""},"class_list":["post-1856","page","type-page","status-publish","hentry"],"uagb_featured_image_src":{"full":false,"thumbnail":false,"medium":false,"medium_large":false,"large":false,"1536x1536":false,"2048x2048":false},"uagb_author_info":{"display_name":"AVT53-NOMI","author_link":"https:\/\/identitats.cat\/?author=1"},"uagb_comment_info":0,"uagb_excerpt":"Identitats \u00e9s una associaci\u00f3 professional, per\u00f2 tamb\u00e9 \u00e9s un projecte on conflueixen els nostres posicionaments personals, socials i pol\u00edtics. Un espai d\u2019amor, respecte, esperan\u00e7a, aprenentatges, transformaci\u00f3, lluita i aliances. Un lloc des d\u2019on compartir, transformar i acompanyar, donant espai tant a all\u00f2 individual com a all\u00f2 col\u00b7lectiu.","_links":{"self":[{"href":"https:\/\/identitats.cat\/index.php?rest_route=\/wp\/v2\/pages\/1856","targetHints":{"allow":["GET"]}}],"collection":[{"href":"https:\/\/identitats.cat\/index.php?rest_route=\/wp\/v2\/pages"}],"about":[{"href":"https:\/\/identitats.cat\/index.php?rest_route=\/wp\/v2\/types\/page"}],"author":[{"embeddable":true,"href":"https:\/\/identitats.cat\/index.php?rest_route=\/wp\/v2\/users\/1"}],"replies":[{"embeddable":true,"href":"https:\/\/identitats.cat\/index.php?rest_route=%2Fwp%2Fv2%2Fcomments&post=1856"}],"version-history":[{"count":67,"href":"https:\/\/identitats.cat\/index.php?rest_route=\/wp\/v2\/pages\/1856\/revisions"}],"predecessor-version":[{"id":2700,"href":"https:\/\/identitats.cat\/index.php?rest_route=\/wp\/v2\/pages\/1856\/revisions\/2700"}],"wp:attachment":[{"href":"https:\/\/identitats.cat\/index.php?rest_route=%2Fwp%2Fv2%2Fmedia&parent=1856"}],"curies":[{"name":"wp","href":"https:\/\/api.w.org\/{rel}","templated":true}]}}

<div class="wp-block-uagb-container uagb-block-1d3d482d alignfull uagb-is-root-container"><div class="uagb-container-inner-blocks-wrap"></div></div>



<div class="wp-block-uagb-container uagb-block-af35db5b alignfull uagb-is-root-container"><div class="uagb-container-inner-blocks-wrap"></div></div>



<div class="wp-block-uagb-container uagb-block-4485a6f7 alignfull uagb-is-root-container"><div class="uagb-container-inner-blocks-wrap">
<div class="wp-block-uagb-container uagb-block-6a08819f">
<div class="wp-block-uagb-container uagb-block-2d071fba">
<div class="wp-block-uagb-image uagb-block-bee6da4f wp-block-uagb-image--layout-default wp-block-uagb-image--effect-static wp-block-uagb-image--align-none"><figure class="wp-block-uagb-image__figure"><img decoding="async" srcset="https://identitats.cat/wp-content/uploads/2023/02/QUE-VOLEM-QUE-SIGUI-VANE-1-edited-scaled.jpg " sizes="auto, (max-width: 480px) 150px" src="https://identitats.cat/wp-content/uploads/2023/02/QUE-VOLEM-QUE-SIGUI-VANE-1-edited-scaled.jpg" alt="" class="uag-image-2536" width="2560" height="1600" title="" loading="lazy"/></figure></div>
</div>



<div class="wp-block-uagb-container uagb-block-c6ded2c1">
<div class="wp-block-uagb-image aligncenter uagb-block-f5d161ad wp-block-uagb-image--layout-default wp-block-uagb-image--effect-static wp-block-uagb-image--align-center"><figure class="wp-block-uagb-image__figure"><img decoding="async" srcset="https://identitats.cat/wp-content/uploads/2023/02/QUE-VOLEM-QUE-SIGUI-MIQUEL-1-edited-300x188.jpg " sizes="auto, (max-width: 480px) 150px" src="https://identitats.cat/wp-content/uploads/2023/02/QUE-VOLEM-QUE-SIGUI-MIQUEL-1-edited-300x188.jpg" alt="" class="uag-image-2535" width="300" height="188" title="" loading="lazy"/></figure></div>
</div>



<div class="wp-block-uagb-container uagb-block-6ceb5136">
<div class="wp-block-uagb-image aligncenter uagb-block-f8307606 wp-block-uagb-image--layout-default wp-block-uagb-image--effect-static wp-block-uagb-image--align-center"><figure class="wp-block-uagb-image__figure"><img decoding="async" srcset="https://identitats.cat/wp-content/uploads/2023/02/QUE-VOLEM-QUE-SIGUI-NURIA-1-edited-300x188.jpg " sizes="auto, (max-width: 480px) 150px" src="https://identitats.cat/wp-content/uploads/2023/02/QUE-VOLEM-QUE-SIGUI-NURIA-1-edited-300x188.jpg" alt="" class="uag-image-2534" width="300" height="188" title="" loading="lazy"/></figure></div>
</div>
</div>



<div class="wp-block-uagb-container uagb-block-1ade4d59">
<div class="wp-block-uagb-container uagb-block-5702a639">
<div class="wp-block-uagb-info-box uagb-block-4d67083e uagb-infobox__content-wrap  uagb-infobox-icon-above-title uagb-infobox-image-valign-top"><div class="uagb-ifb-content"><div class="uagb-ifb-title-wrap"><h3 class="uagb-ifb-title"><strong>Treballem per la prevenció de les desigualtats socials, el foment de la igualtat i</strong> <strong>l&#8217;erradicació de les violències masclistes</strong></h3></div></div></div>
</div>



<div class="wp-block-uagb-container uagb-block-af6ba8f4">
<div class="wp-block-uagb-advanced-heading uagb-block-a7bcbe56"><p class="uagb-desc-text">Identitats és una associació professional, però també és un projecte on conflueixen els nostres posicionaments personals, socials i polítics. Un espai d’amor, respecte, esperança, aprenentatges, transformació, lluita i aliances. Un lloc des d’on compartir, transformar i acompanyar, donant espai tant a allò individual com a allò col·lectiu.</p></div>
</div>
</div>
</div></div>

<p>Identitats és una associació professional, però també és un projecte on conflueixen els nostres posicionaments personals, socials i polítics. Un espai d’amor, respecte, esperança, aprenentatges, transformació, lluita i aliances. Un lloc des d’on compartir, transformar i acompanyar, donant espai tant a allò individual com a allò col·lectiu.</p>

Identitats és una associació professional, però també és un projecte on conflueixen els nostres posicionaments personals, socials i polítics. Un espai d’amor, respecte, esperança, aprenentatges, transformació, lluita i aliances. Un lloc des d’on compartir, transformar i acompanyar, donant espai tant a allò individual com a allò col·lectiu.
