{"id":2302,"date":"2023-01-27T16:15:45","date_gmt":"2023-01-27T16:15:45","guid":{"rendered":"https:\/\/identitats.cat\/?page_id=2302"},"modified":"2024-03-25T19:43:11","modified_gmt":"2024-03-25T19:43:11","slug":"elaboracio-de-projectes-2","status":"publish","type":"page","link":"https:\/\/identitats.cat\/?page_id=2302","title":{"rendered":"Elaboraci\u00f3 de projectes"},"content":{"rendered":"\n<div class=\"wp-block-uagb-container uagb-block-cf784b3a alignfull uagb-is-root-container\"><div class=\"uagb-container-inner-blocks-wrap\"><\/div><\/div>\n\n\n\n<div class=\"wp-block-uagb-container uagb-block-f6770b6d alignfull uagb-is-root-container\"><div class=\"uagb-container-inner-blocks-wrap\">\n<div class=\"wp-block-uagb-info-box uagb-block-7bfc4f15 uagb-infobox__content-wrap  uagb-infobox-icon-above-title uagb-infobox-image-valign-top\"><div class=\"uagb-ifb-content\"><div class=\"uagb-ifb-title-wrap\"><\/div><p class=\"uagb-ifb-desc\">Elaborem projectes innovadors alineats amb les finalitats de la nostra Associaci\u00f3 i que, des de diferents \u00e0mbits de coneixement i comptant amb col\u00b7laboracions puntuals, donin resposta a les necessitats de propostes personalitzades a cada territori.<\/p><div class=\"uagb-ifb-button-wrapper wp-block-button\"><a href=\"#\" target=\"_self\" onclick=\"return false;\" class=\"uagb-infobox-cta-link\" rel=\"noopener noreferrer\" alt=\"\"><span class=\"uagb-inline-editing\"><\/span><\/a><\/div><\/div><\/div>\n<\/div><\/div>\n\n\n\n<div class=\"wp-block-uagb-container uagb-block-a89e9ad3 alignfull uagb-is-root-container\"><div class=\"uagb-container-inner-blocks-wrap\"><\/div><\/div>\n\n\n\n<div class=\"wp-block-uagb-container uagb-block-0ad16c52 alignfull uagb-is-root-container\"><div class=\"uagb-container-inner-blocks-wrap\">\n<div class=\"inherit-container-width wp-block-group is-layout-constrained wp-block-group-is-layout-constrained\">\n<div class=\"wp-block-uagb-advanced-heading uagb-block-d486b73e\"><h3 class=\"uagb-heading-text\">Projectes i formacions recents:<\/h3><\/div>\n<\/div>\n<\/div><\/div>\n\n\n\n<div class=\"wp-block-uagb-container uagb-block-50f52c2c alignfull uagb-is-root-container\"><div class=\"uagb-container-inner-blocks-wrap\">\n<div class=\"wp-block-uagb-container uagb-block-e3e97154\">\n<div class=\"wp-block-uagb-container uagb-block-73dc4ce7\"><\/div>\n\n\n\n<div class=\"wp-block-uagb-container uagb-block-ff667983\"><\/div>\n\n\n\n<div class=\"wp-block-uagb-container uagb-block-2fd6f472\"><\/div>\n<\/div>\n\n\n\n<div class=\"wp-block-uagb-container uagb-block-a8611d56\">\n<div class=\"wp-block-uagb-container uagb-block-62222cfd\">\n<div class=\"wp-block-uagb-info-box uagb-block-263edfd4 uagb-infobox__content-wrap  uagb-infobox-icon-above-title uagb-infobox-image-valign-top\"><div class=\"uagb-ifb-content\"><div class=\"uagb-ifb-title-wrap\"><h4 class=\"uagb-ifb-title\">Formaci\u00f3 \u00abLa perspectiva de g\u00e8nere i l&#8217;abordatge de les viol\u00e8ncies masclistes des de Serveis Socials\u00bb<\/h4><\/div><p class=\"uagb-ifb-desc\">Participaci\u00f3 com a entitat formadora en el programa impulsat pel <strong>Departament de Drets Socials<\/strong> de la Generalitat de Catalunya, dirigit a professionals de les \u00e0rees b\u00e0siques de serveis socials de Catalunya. <br><br><br><\/p><\/div><\/div>\n<\/div>\n\n\n\n<div class=\"wp-block-uagb-container uagb-block-9bb3728d\"><\/div>\n\n\n\n<div class=\"wp-block-uagb-container uagb-block-353a115d\"><\/div>\n<\/div>\n\n\n\n<div class=\"wp-block-uagb-container uagb-block-6951f0fb\">\n<div class=\"wp-block-uagb-container uagb-block-bcf7b868\">\n<div class=\"wp-block-uagb-info-box uagb-block-f54a2ef9 uagb-infobox__content-wrap  uagb-infobox-icon-above-title uagb-infobox-image-valign-top\"><div class=\"uagb-ifb-content\"><div class=\"uagb-ifb-title-wrap\"><h4 class=\"uagb-ifb-title\">C\u00e0psules de temps<\/h4><\/div><p class=\"uagb-ifb-desc\">Servei puntual de <strong>guarda i cura infantil<\/strong> en un espai l\u00fadic i de qualitat, destinat a facilitar la <strong>conciliaci\u00f3 <\/strong>familiar, personal i laboral, i emmarcat dins el programa Temps de cures, desplegat per <strong>l\u2019\u00c0rea de Benestar Social del Consell Comarcal del Pla de l\u2019Estany<\/strong>.<br><br><br><\/p><\/div><\/div>\n<\/div>\n\n\n\n<div class=\"wp-block-uagb-container uagb-block-2b88ab53\">\n<div class=\"wp-block-uagb-info-box uagb-block-9f63a0cf uagb-infobox__content-wrap  uagb-infobox-icon-above-title uagb-infobox-image-valign-top\"><div class=\"uagb-ifb-content\"><div class=\"uagb-ifb-title-wrap\"><h4 class=\"uagb-ifb-title\">Canviant el m\u00f3n a trav\u00e9s dels contes: Igualtat i feminismes<\/h4><\/div><p class=\"uagb-ifb-desc\">Projecte de <strong>dinamitzaci\u00f3 de contes<\/strong> per al foment de la igualtat i la prevenci\u00f3 d&#8217;estereotips sexistes, viol\u00e8ncies masclistes i ab\u00fas sexual infantil. Dirigit a infants i joves d&#8217;entre 4 i 18 anys i les seves fam\u00edlies, i dut a terme de forma intinerant a <strong>Cornell\u00e0 de Terri<\/strong> i els pobles disseminats.<br><br><\/p><\/div><\/div>\n<\/div>\n\n\n\n<div class=\"wp-block-uagb-container uagb-block-cea9a76c\">\n<div class=\"wp-block-uagb-info-box uagb-block-27bf2008 uagb-infobox__content-wrap  uagb-infobox-icon-above-title uagb-infobox-image-valign-top\"><div class=\"uagb-ifb-content\"><div class=\"uagb-ifb-title-wrap\"><h4 class=\"uagb-ifb-title\">Servei d&#8217;atenci\u00f3 psicol\u00f2gica <br>del SIAD de Roses<\/h4><\/div><p class=\"uagb-ifb-desc\">Pojecte d&#8217;atenci\u00f3 psicol\u00f2gica al <strong>Servei d\u2019informaci\u00f3 i atenci\u00f3 a les dones de Roses<\/strong> amb la finalitat de donar suport i acompanyament psicol\u00f2gic i emocional en processos de recuperaci\u00f3 de situacions de viol\u00e8ncies masclistes, conflictes familiars, processos de dol, a\u00efllament social, discriminacions i\/o agressions al col\u00b7lectiu LGTBIQ+. <\/p><\/div><\/div>\n<\/div>\n<\/div>\n<\/div><\/div>\n\n\n\n<div class=\"wp-block-uagb-container uagb-block-963b469e alignfull uagb-is-root-container\"><div class=\"uagb-container-inner-blocks-wrap\"><\/div><\/div>\n","protected":false},"excerpt":{"rendered":"<p>Projectes i formacions recents:<\/p>\n","protected":false},"author":1,"featured_media":0,"parent":0,"menu_order":0,"comment_status":"closed","ping_status":"closed","template":"","meta":{"_uag_custom_page_level_css":"","site-sidebar-layout":"default","site-content-layout":"","ast-site-content-layout":"default","site-content-style":"default","site-sidebar-style":"default","ast-global-header-display":"","ast-banner-title-visibility":"","ast-main-header-display":"","ast-hfb-above-header-display":"","ast-hfb-below-header-display":"","ast-hfb-mobile-header-display":"","site-post-title":"disabled","ast-breadcrumbs-content":"","ast-featured-img":"","footer-sml-layout":"","theme-transparent-header-meta":"","adv-header-id-meta":"","stick-header-meta":"","header-above-stick-meta":"","header-main-stick-meta":"","header-below-stick-meta":"","astra-migrate-meta-layouts":"set","ast-page-background-enabled":"default","ast-page-background-meta":{"desktop":{"background-color":"var(--ast-global-color-4)","background-image":"","background-repeat":"repeat","background-position":"center center","background-size":"auto","background-attachment":"scroll","background-type":"","background-media":"","overlay-type":"","overlay-color":"","overlay-gradient":""},"tablet":{"background-color":"","background-image":"","background-repeat":"repeat","background-position":"center center","background-size":"auto","background-attachment":"scroll","background-type":"","background-media":"","overlay-type":"","overlay-color":"","overlay-gradient":""},"mobile":{"background-color":"","background-image":"","background-repeat":"repeat","background-position":"center center","background-size":"auto","background-attachment":"scroll","background-type":"","background-media":"","overlay-type":"","overlay-color":"","overlay-gradient":""}},"ast-content-background-meta":{"desktop":{"background-color":"var(--ast-global-color-5)","background-image":"","background-repeat":"repeat","background-position":"center center","background-size":"auto","background-attachment":"scroll","background-type":"","background-media":"","overlay-type":"","overlay-color":"","overlay-gradient":""},"tablet":{"background-color":"var(--ast-global-color-5)","background-image":"","background-repeat":"repeat","background-position":"center center","background-size":"auto","background-attachment":"scroll","background-type":"","background-media":"","overlay-type":"","overlay-color":"","overlay-gradient":""},"mobile":{"background-color":"var(--ast-global-color-5)","background-image":"","background-repeat":"repeat","background-position":"center center","background-size":"auto","background-attachment":"scroll","background-type":"","background-media":"","overlay-type":"","overlay-color":"","overlay-gradient":""}},"footnotes":""},"class_list":["post-2302","page","type-page","status-publish","hentry"],"uagb_featured_image_src":{"full":false,"thumbnail":false,"medium":false,"medium_large":false,"large":false,"1536x1536":false,"2048x2048":false},"uagb_author_info":{"display_name":"AVT53-NOMI","author_link":"https:\/\/identitats.cat\/?author=1"},"uagb_comment_info":0,"uagb_excerpt":"Projectes i formacions recents:","_links":{"self":[{"href":"https:\/\/identitats.cat\/index.php?rest_route=\/wp\/v2\/pages\/2302","targetHints":{"allow":["GET"]}}],"collection":[{"href":"https:\/\/identitats.cat\/index.php?rest_route=\/wp\/v2\/pages"}],"about":[{"href":"https:\/\/identitats.cat\/index.php?rest_route=\/wp\/v2\/types\/page"}],"author":[{"embeddable":true,"href":"https:\/\/identitats.cat\/index.php?rest_route=\/wp\/v2\/users\/1"}],"replies":[{"embeddable":true,"href":"https:\/\/identitats.cat\/index.php?rest_route=%2Fwp%2Fv2%2Fcomments&post=2302"}],"version-history":[{"count":29,"href":"https:\/\/identitats.cat\/index.php?rest_route=\/wp\/v2\/pages\/2302\/revisions"}],"predecessor-version":[{"id":2689,"href":"https:\/\/identitats.cat\/index.php?rest_route=\/wp\/v2\/pages\/2302\/revisions\/2689"}],"wp:attachment":[{"href":"https:\/\/identitats.cat\/index.php?rest_route=%2Fwp%2Fv2%2Fmedia&parent=2302"}],"curies":[{"name":"wp","href":"https:\/\/api.w.org\/{rel}","templated":true}]}}

Elaboració de projectes

<div class="wp-block-uagb-container uagb-block-cf784b3a alignfull uagb-is-root-container"><div class="uagb-container-inner-blocks-wrap"></div></div>



<div class="wp-block-uagb-container uagb-block-f6770b6d alignfull uagb-is-root-container"><div class="uagb-container-inner-blocks-wrap">
<div class="wp-block-uagb-info-box uagb-block-7bfc4f15 uagb-infobox__content-wrap  uagb-infobox-icon-above-title uagb-infobox-image-valign-top"><div class="uagb-ifb-content"><div class="uagb-ifb-title-wrap"></div><p class="uagb-ifb-desc">Elaborem projectes innovadors alineats amb les finalitats de la nostra Associació i que, des de diferents àmbits de coneixement i comptant amb col·laboracions puntuals, donin resposta a les necessitats de propostes personalitzades a cada territori.</p><div class="uagb-ifb-button-wrapper wp-block-button"><a href="#" target="_self" onclick="return false;" class="uagb-infobox-cta-link" rel="noopener noreferrer" alt=""><span class="uagb-inline-editing"></span></a></div></div></div>
</div></div>



<div class="wp-block-uagb-container uagb-block-a89e9ad3 alignfull uagb-is-root-container"><div class="uagb-container-inner-blocks-wrap"></div></div>



<div class="wp-block-uagb-container uagb-block-0ad16c52 alignfull uagb-is-root-container"><div class="uagb-container-inner-blocks-wrap">
<div class="inherit-container-width wp-block-group is-layout-constrained wp-block-group-is-layout-constrained">
<div class="wp-block-uagb-advanced-heading uagb-block-d486b73e"><h3 class="uagb-heading-text">Projectes i formacions recents:</h3></div>
</div>
</div></div>



<div class="wp-block-uagb-container uagb-block-50f52c2c alignfull uagb-is-root-container"><div class="uagb-container-inner-blocks-wrap">
<div class="wp-block-uagb-container uagb-block-e3e97154">
<div class="wp-block-uagb-container uagb-block-73dc4ce7"></div>



<div class="wp-block-uagb-container uagb-block-ff667983"></div>



<div class="wp-block-uagb-container uagb-block-2fd6f472"></div>
</div>



<div class="wp-block-uagb-container uagb-block-a8611d56">
<div class="wp-block-uagb-container uagb-block-62222cfd">
<div class="wp-block-uagb-info-box uagb-block-263edfd4 uagb-infobox__content-wrap  uagb-infobox-icon-above-title uagb-infobox-image-valign-top"><div class="uagb-ifb-content"><div class="uagb-ifb-title-wrap"><h4 class="uagb-ifb-title">Formació «La perspectiva de gènere i l&#8217;abordatge de les violències masclistes des de Serveis Socials»</h4></div><p class="uagb-ifb-desc">Participació com a entitat formadora en el programa impulsat pel <strong>Departament de Drets Socials</strong> de la Generalitat de Catalunya, dirigit a professionals de les àrees bàsiques de serveis socials de Catalunya. <br><br><br></p></div></div>
</div>



<div class="wp-block-uagb-container uagb-block-9bb3728d"></div>



<div class="wp-block-uagb-container uagb-block-353a115d"></div>
</div>



<div class="wp-block-uagb-container uagb-block-6951f0fb">
<div class="wp-block-uagb-container uagb-block-bcf7b868">
<div class="wp-block-uagb-info-box uagb-block-f54a2ef9 uagb-infobox__content-wrap  uagb-infobox-icon-above-title uagb-infobox-image-valign-top"><div class="uagb-ifb-content"><div class="uagb-ifb-title-wrap"><h4 class="uagb-ifb-title">Càpsules de temps</h4></div><p class="uagb-ifb-desc">Servei puntual de <strong>guarda i cura infantil</strong> en un espai lúdic i de qualitat, destinat a facilitar la <strong>conciliació </strong>familiar, personal i laboral, i emmarcat dins el programa Temps de cures, desplegat per <strong>l’Àrea de Benestar Social del Consell Comarcal del Pla de l’Estany</strong>.<br><br><br></p></div></div>
</div>



<div class="wp-block-uagb-container uagb-block-2b88ab53">
<div class="wp-block-uagb-info-box uagb-block-9f63a0cf uagb-infobox__content-wrap  uagb-infobox-icon-above-title uagb-infobox-image-valign-top"><div class="uagb-ifb-content"><div class="uagb-ifb-title-wrap"><h4 class="uagb-ifb-title">Canviant el món a través dels contes: Igualtat i feminismes</h4></div><p class="uagb-ifb-desc">Projecte de <strong>dinamització de contes</strong> per al foment de la igualtat i la prevenció d&#8217;estereotips sexistes, violències masclistes i abús sexual infantil. Dirigit a infants i joves d&#8217;entre 4 i 18 anys i les seves famílies, i dut a terme de forma intinerant a <strong>Cornellà de Terri</strong> i els pobles disseminats.<br><br></p></div></div>
</div>



<div class="wp-block-uagb-container uagb-block-cea9a76c">
<div class="wp-block-uagb-info-box uagb-block-27bf2008 uagb-infobox__content-wrap  uagb-infobox-icon-above-title uagb-infobox-image-valign-top"><div class="uagb-ifb-content"><div class="uagb-ifb-title-wrap"><h4 class="uagb-ifb-title">Servei d&#8217;atenció psicològica <br>del SIAD de Roses</h4></div><p class="uagb-ifb-desc">Pojecte d&#8217;atenció psicològica al <strong>Servei d’informació i atenció a les dones de Roses</strong> amb la finalitat de donar suport i acompanyament psicològic i emocional en processos de recuperació de situacions de violències masclistes, conflictes familiars, processos de dol, aïllament social, discriminacions i/o agressions al col·lectiu LGTBIQ+. </p></div></div>
</div>
</div>
</div></div>



<div class="wp-block-uagb-container uagb-block-963b469e alignfull uagb-is-root-container"><div class="uagb-container-inner-blocks-wrap"></div></div>
